73 + 1289. Is (12/4)/1 - u prime?
True
Let g(i) = -i**3 - 5*i**2 - 2*i. Let v be g(-4). Let d(s) = -s**3 - 7*s**2 + 10*s - 11. Let f be d(v). Is ((-469)/(-21))/((-3)/f) composite?
True
Let x be 4 + (-3 - -1 - -4). Is (-2)/(3*x/(-531)) a composite number?
False
Let p = 1905 + 1786. Is p a prime number?
True
Is -2787*20/(-6)*10/20 a prime number?
False
Is ((-95)/190)/(1/(-3386) + 0) a composite number?
False
Let v be (1 - (4 - 6)) + -5. Let o be (-1)/(v/(-2)) + 3. Suppose -4*x = -o*x - 916. Is x a composite number?
True
Let x = 2 + 0. Suppose -x*k = k - 6942. Suppose -2*y + 3*l = -k, -5*y + 2*l = -0*l - 5763. Is y prime?
True
Is 1*592/24*(-1398)/(-4) a composite number?
True
Suppose 3*p - 9 = 0, 5*z - p = 19555 + 2877. Is z prime?
False
Let x = -249 - -385. Let k be 9/(-2 - (-284)/x). Is (1 + (-4)/8)*k composite?
True
Suppose -3*x + 5*p + 12785 + 2837 = 0, -3*p = -2*x + 10415. Is x composite?
False
Suppose 3*r - 5 = -z, 0*r + 2*z + 11 = r. Suppose b = r*b. Suppose -s - 39 + 116 = b. Is s prime?
False
Suppose 2*a + 3*d - 101 - 174 = 0, a = 5*d + 118. Is a prime?
False
Let k = 3051 - 1508. Is k a composite number?
False
Suppose -14 = -6*w + 16. Is 0/(-3 + 2) - (w + -454) a prime number?
True
Let t(v) = 68*v - 5. Let y be 1 + (-9)/6*-4. Let x be t(y). Suppose 0*h = -3*h + x. Is h prime?
True
Let q = -1015 + 387. Let o = -179 - q. Is o a prime number?
True
Let t(c) = c - 9. Let x be t(18). Suppose -x*i = -13*i. Suppose -5*q + 3*h + i*h = -916, 2*q - 376 = -2*h. Is q a composite number?
True
Suppose -4*b = -l - 20, 3*b - 5*b + 12 = -l. Let q(c) = 9*c**2 + 3*c + 1. Is q(b) a prime number?
True
Let w(n) be the third derivative of n**8/20160 + n**7/840 + n**6/144 + n**5/30 - 2*n**2. Let o(c) be the third derivative of w(c). Is o(-8) composite?
True
Is 4282344/240 - ((-22)/(-20) + -1) a prime number?
False
Suppose 4*x + 3*w - 371053 = 0, 3*x - 3211 - 275095 = w. Is x composite?
False
Is ((-148540)/(-112))/((-15)/(-24)) a prime number?
False
Let w = 28800 - 17413. Is w prime?
False
Is 525/10 - (-8)/16 a prime number?
True
Let l(p) = -p + 13. Let g be l(10). Suppose -f - 3*f = g*m + 47, 0 = 4*f - 16. Is (-2429)/m + 4/(-6) prime?
False
Suppose -2742 = -2*c - 0*c. Is c a prime number?
False
Let z = -8 - -8. Suppose 4*v + 0*v + k - 32 = z, -5*v - k + 40 = 0. Suppose -v = 2*i, o + 5*i = -2*o + 193. Is o a composite number?
False
Suppose -17*g + 15079 = -0*g. Is g a composite number?
False
Let d(u) = -10*u - 1. Suppose f + 0 = -3. Let z be d(f). Suppose -2*w + h = -43, -4*w + 5*w - z = -2*h. Is w a prime number?
True
Suppose 0 = -10*j - 4430 + 78280. Suppose -39*z = -44*z + j. Is z a composite number?
True
Let m = 14656 - 1089. Is m a prime number?
True
Suppose -5*j = -j. Let o be j - (-5)/5*2. Suppose 0 = -o*x - 2*p - p + 1588, 0 = -2*x - 5*p + 1592. Is x a prime number?
False
Suppose 0 = -4*q + 4*d - 60, 0 = -q - d + 5*d - 15. Let z be (-10)/3*q/10. Suppose -z*p + 108 = -247. Is p a composite number?
False
Let j = 23 + 3. Let c be 132908/j - (-4)/26. Suppose -c + 1383 = -5*p + 2*f, -2970 = -4*p - 5*f. Is p prime?
False
Let l(u) = 2 - 11*u + 5 - 38*u. Is l(-4) a prime number?
False
Let d(h) = 13*h**2 - 2*h - 3. Let x be d(-3). Let i = -31 + 38. Let q = i + x. Is q composite?
False
Let a = 680 - -12. Suppose 0 = 3*q + 155 - a. Is q prime?
True
Suppose -31*n + 26*n + 1195 = 0. Is n composite?
False
Let i = 6706 + -1877. Is i composite?
True
Suppose -o + 4 + 7 = 0. Suppose 3*u + 1 = -o. Is 363*(u/12)/(-1) composite?
True
Suppose 48*i - 112462 = 34*i. Is i prime?
False
Let z(q) = -49 - 13 - 45*q + 44 - 14. Is z(-17) prime?
True
Is (-2 - -2*(-4)/(-8))*-33433 composite?
True
Let i be ((-1420)/30)/(2/(-21)). Let c = i - -66. Is c a prime number?
True
Suppose 0 = -113*i + 102*i + 551177. Is i a composite number?
True
Is (-2)/(-4)*(7 + 7579) a prime number?
True
Let p(l) = l**2 - 13*l + 10. Let h be p(12). Let f be 1/1 + -2 - h. Let k = 52 + f. Is k a prime number?
True
Suppose -17*t = -35*t + 20826. Is t a composite number?
True
Suppose 434*f - 2659 = 433*f. Is f composite?
False
Suppose 0 = 136*x - 137*x + 10699. Suppose 5*v - 17041 = 2*h, 6327 = 5*v + 3*h - x. Is v a composite number?
False
Suppose -3*b - 153 = k, -5*b = k - 4*k + 255. Let u = b - -308. Is u a prime number?
True
Let c(w) = 618*w**2 - 9*w + 22. Is c(5) composite?
False
Let f = -15 - -20. Suppose -4*r - 4656 = -4*z, 0 = -0*r + f*r + 4*z + 5847. Let i = -790 - r. Is i composite?
True
Let d = 4227 - 1148. Is d composite?
False
Suppose 19*k - 6*k = 21281. Is k a prime number?
True
Suppose 2*x = 4*v + 16, -5*x + v - 4 = 1. Let b be (x/(-4))/((-3)/(-6)). Suppose 0*t = -4*t + 2*p + 32, 0 = -t - 3*p + b. Is t prime?
True
Let q(f) = -f**3 - 5*f**2 - f - 11. Let j be q(-5). Is (-2)/j - (-8223)/9 prime?
False
Suppose -u + 6*w - 2*w + 2569 = 0, -3*w + 15 = 0. Is u a prime number?
False
Let d(z) = 3*z**3 + z**2 + z - 1. Let s(g) = g - 3. Let w be s(4). Let o be d(w). Suppose 0 = -2*a - 2*p + 496, 0*p - 514 = -2*a + o*p. Is a prime?
True
Is ((-3)/(-9))/(-1)*(-876 + 15) a composite number?
True
Suppose -4*x = -6 - 2. Suppose -5 = -x*h - 9*j + 4*j, -17 = h - 4*j. Is -3 - 5/(h/194) composite?
False
Let g be (-2 - (-248)/(-12))*-3. Suppose 0 = -i + 5*i - g. Suppose -m + i = v, -3*v = -5*m - 2*v + 97. Is m a prime number?
True
Let x(l) = -l**2 + 4*l + 7. Let h be x(5). Let y(t) = 29*t. Is y(h) composite?
True
Let g(j) be the first derivative of j**4/12 + j**3/6 + 5*j**2/2 + j + 7. Let a(u) be the first derivative of g(u). Is a(-14) a composite number?
True
Let j(q) = 405*q - 2. Is j(15) composite?
False
Let q = -10101 + 16815. Suppose z + q = 7*z. Is z prime?
False
Let y be -3*(1 - (-6)/(-3)). Let r be y/(-6) - 3822/(-4). Suppose -i - r = -6*i. Is i prime?
True
Let z(c) = 19*c**2 + 2*c - 1. Suppose 15 - 19 = -v. Suppose 2*w + 4*g = v, -10 = -2*w - 3*w + g. Is z(w) prime?
True
Is 78926/14 - (-27)/63 prime?
False
Suppose 2*j - g - 6 = 0, g + 4 = -3*j - 4*g. Suppose 5*s = -4*y + 943, -j*s + 0*s + 4*y + 394 = 0. Is s composite?
False
Let k(j) = 34*j + 7. Suppose 0 = 7*x - 15 - 27. Let f be k(x). Suppose 5*p + 46 = f. Is p a prime number?
False
Let t = 19 + -20. Let d(i) = -228*i**3 - i**2 - i - 1. Let n be d(t). Suppose -420 = -j + n. Is j a prime number?
True
Let d be (-2 - -5) + 21*-1. Let h be (d/27)/(2/(-3)). Is (-334*h + 3)*-1 a composite number?
False
Suppose -16 = -0*i + 2*i. Let s = i + 8. Suppose 4*y + 4*b - 2*b - 636 = s, b = 4*y - 636. Is y composite?
True
Let u = 19937 + -10710. Is u composite?
False
Let m = 37 + -29. Suppose -z + 0*z - x = -1, -5*x + m = 4*z. Is (-2)/z*(2 - -379) a composite number?
True
Let c = 14 - 24. Let t = c + 12. Suppose -z + 33 = t*w - 12, 0 = -3*z + 3*w + 180. Is z a prime number?
False
Let f = 9 + 13. Suppose -4*c = 0, 2*s - c - f = 2. Let b(o) = o**3 - 11*o**2 - 8*o - 11. Is b(s) a composite number?
False
Suppose 13 = 4*b + l, -5*b = -b - 3*l - 9. Suppose -i = 2*w, 4*w + 5 + b = -4*i. Is 3208/24 + i/6 a composite number?
True
Let c(q) = 12*q**2 + 6*q - 3. Let t be c(-5). Suppose t + 2438 = 5*p. Is p prime?
True
Let q(s) = -5510*s - 109. Is q(-10) composite?
True
Let m(b) = 2141*b**2 - 8*b + 22. Is m(-3) a prime number?
False
Let g = 81 - 8. Suppose -738 = -7*z + 4. Let w = z - g. Is w a prime number?
False
Suppose -18995 + 126785 = 30*i. Is i composite?
False
Is (-24 - 148118)*2/(-4) composite?
False
Let b be (-70)/(-4) + 18/36. Let v = b + -15. Suppose -l = 2*l - 4*u - 353, -5*u = -v*l + 358. Is l composite?
True
Suppose -74*j - 1019488 + 6801626 = 0. Is j a prime number?
True
Suppose -4*u + 99216 = 4*v, -19*u = -2*v - 14*u + 49643. Is v prime?
True
Let c = 4452 + -3115. Is c composite?
True
Let k be 28/13 + (-6)/39. Suppose -5*f - 2*v + 16 = 0, k*f + 0*f = -3*v + 13. Suppose 137 = -f*m + 811. Is m prime?
True
Suppose -u + l = -3593, -3*l + 14802 = 4*u + 416. Is u prime?
False
Is (-1541 - 2)*((-1 - 1) + 1) a composite number?
False
Suppose 3*k + 5*u = 55874, 29793 = k - 4*u + 11174. Is k prime?
False
Let z(v) be the first derivative of -v**3/3 + v**2 - 4*v + 3. Let k be z(3). Is 4062/42 - 2/k composite?
False
Suppose 367 = q + 103. Suppose -3*r - d + 178 = 0, 3*r - q = -r + 4*d. Suppose -2 = -h - 4*w, -2*h - 3*h - 3*w + r = 0. Is h composite?
True
Let t be -8 + 0 - (1 - -1). L